+ -24 + 122 + -56 + -47?
-4
Calculate 3 + -2 - 2 - -3 - -6 - (-158 + 214).
-48
Evaluate -11 - 16 - ((18 - 25) + -68).
48
What is the value of (13 + -13 + 5 - -22) + 24?
51
What is the value of (1 - 2) + (71 - ((-8 - -4 - 3) + 9))?
68
-3 + -16 - (-16 + 5 + (47 - 4))
-51
Calculate 25 - ((29 - 53) + 15 - 24).
58
Evaluate -69 + 38 + 19 - 34.
-46
Calculate 15 + (-46 - (3 + -7) - -17 - -7).
-3
What is (-55 - -6) + 9 + (-5 - (-7 + -1))?
-37
What is the value of -26 - ((6 - -8 - 24) + -78)?
62
Calculate (89 - 30) + -48 + -29.
-18
Calculate -16 + (-14 - -8 - (15 - (13 - -75))).
51
What is the value of 6 + (26 - 35) + (9 + -19 - -11)?
-2
Calculate (0 - -14 - (99 + -85)) + 20.
20
Evaluate 10 + -125 + 60 + 50 + -79.
-84
What is the value of 61 + (12 - 141) - -60?
-8
(-3 - 20 - (0 + 2)) + (-37 - (-57 + 29))
-34
What is 26 - (-22 - (33 - 2 - 39))?
40
Evaluate (-25 - (-26 - -1 - -12)) + -104.
-116
Evaluate -28 - -98 - 35 - 35 - 21.
-21
60 - (-5 - (-5 - 7)) - (-76 + 80)
49
Calculate -1 + -49 + -5 + 6 + -8 + -35 + 38.
-54
Calculate -4 + 2 + (23 - (22 + -25)).
24
Evaluate 77 + -64 + 10 + -7 + 12.
28
Evaluate -15 - (7 - (12 - ((-16 - 0) + -10))).
16
Evaluate -11 + (26 + -13 - -13 - 10) + -27.
-22
What is -3 + -7 + (12 - (0 - -4) - -54) - -10?
62
Evaluate -19 + -1 - (-37 + 45 + (-19 - 0)) - 26.
-35
9 + (-17 - -34) + -14 + (3 - -9)
24
What is (-12 - (-10 - -4)) + -337 + 373?
30
Evaluate (-3 - -1) + 30 - (697 - 685) - 32.
-16
What is (1 - (-2 - -2)) + (-23 - (10 - 11) - -39)?
18
What is the value of (5 - 7) + 12 + (-1 - -5)?
14
What is the value of -3 + -2 + (0 - 7) + 3 - (-1346 - -1391)?
-54
Calculate -79 - (29 - (-20 - -37 - 3)).
-94
Evaluate 110 - (45 + -47) - (12 + (-4 - -5)).
99
What is -170 - (-81 - 113) - (78 - 0)?
-54
Evaluate (1 - -6) + (-18 - -28) + -15 + 21 + -1.
22
What is -6 + (8 - (-3 - -14 - (-31 - -39))) + 12?
11
Calculate 60 + (-49 - (-31 - -4)) + -27.
11
Evaluate (-22 - -1) + -5 - -21 - -38.
33
What is the value of 34 + 43 + (17 - 106) + 1 + -3 + -12?
-26
Evaluate -2 + 14 - (-63 + 75 + -30).
30
35 + -66 + 44 + 4
17
What is 0 + -1 + (-10 - -41) + -19 - 56 - -1?
-44
-4 + 41 - (-4 - (6 - (-6 + 11)))
42
-72 - ((0 + -12 - -10 - -1) + 6)
-77
Evaluate (-9 - -51) + (-9 - -4) - (-82 - -96).
23
Evaluate -17 - (20 + (-25 - 16)) - -21.
25
Evaluate -3 + 0 - (2962 + -2927).
-38
Evaluate 0 - 90 - (-1961 + 1909).
-38
6 + -31 + 10 - 44 - -3
-56
What is the value of 76 + -2 - (-1212 + 1352)?
-66
Evaluate -78 - (-64 - (-1 + 57)).
42
11 + -1 - (68 + -101 + 52 + 27 + 0)
-36
What is -50 - 0 - (-14 + -1 + -59 + (58 - -9))?
-43
Calculate -35 + (-11 - (7 - (10 - (-10 - -2)))).
-35
What is the value of 11 - ((0 - -28) + -25 + (-5 - -23))?
-10
Evaluate -4 + 8 + -3 + -108 + -25 + (-38 - -70).
-100
Evaluate -46 - (-14 + -22 + -11).
1
What is the value of 25 + -7 + -39 + (-9 - -8)?
-22
(67 - 1) + (-7 + 10 - (50 - 63))
82
Evaluate 17 - 49 - (-121 + 88).
1
What is 5 - 0 - (8 + -8 + -46 + 73)?
-22
Calculate -3 - (4 + -19 + (-22 - -68)).
-34
What is the value of 5439 - 5553 - (0 - 54)?
-60
What is the value of 32 - (4 + (42 - 58))?
44
Evaluate (83 + (-3 - -5) - 4) + (161 - 171) - 7.
64
-28 + 190 + (-71 - 35)
56
-27 - (-84 - 12 - -33)
36
Calculate (23 - 19) + 2 + -20 - -47.
33
What is -53 + 4 + (-9 - -59)?
1
Calculate -6 - (53 - (-36 - -51 - -23)).
-21
What is -129 - (36 + -327) - 57?
105
Evaluate (133 + -86 - -41) + 2.
90
4 + 0 + 4 + -3 - (49 - 76) - 7
25
(-1 + 1 + -269 + 281 - 0) + -11 + 2
3
What is the value of 4 + 2 + (-42 - -47) - 26?
-15
Calculate 304 + -420 + -7 + (22 - 1).
-102
Evaluate -48 - (-13 + (-13 - -12) + (1 - -2)).
-37
Evaluate 18 - (14 - 8) - ((18 - 30) + -24).
48
Evaluate 159 + 80 + -204 + (0 - 7).
28
Calculate 3 + (95 + 18 - 21).
95
What is the value of (15867 - 15871) + (-38 - 2) + 0 + 0?
-44
Calculate (10 - -53) + -11 + (2 - (6 - 3) - 7).
44
-4 + 32 + -1 + (0 - 3) + (-67 - -77)
34
What is the value of (493 - 512) + 10 + 0 + 2 - (9 - 1)?
-15
Calculate -20 + (-5 - 17) + 18 + -4.
-28
Evaluate 9 - (23 + 21 - 18) - -4 - -24.
11
Evaluate -320 + 330 - (-60 + -2) - 26.
46
Calculate 13 - ((11 - -3) + -4).
3
-1 - -1 - -14 - (79 + 49 - 109)
-5
Calculate 181 + -174 + -6 + (1 - -5 - (2 - -52)).
-47
What is 3 + (-9 - -4) + -40?
-42
Calculate 1 + 1 + (97 - -28 - 21) + (5 - -11).
122
What is (-90 - -101) + -63 + 4?
-48
Evaluate -33 + (28 - (-18 + 12)).
1
148 + (33 - 114) + 1 + -6
62
((-10 - -12) + -5 + (5 - -1) - -36) + -5
34
What is the value of -19 + -15 - 24 - -38?
-20
What is 43 + -59 + 84 - 74?
-6
What is the value of -58 - -45 - (7 - -1)?
-21
Calculate -66 + -4 + (5 - 6) + -1 - (-55 + 49).
-66
Evaluate -12 + (1 - (-2 - -5)) + 14 + -32.
-32
What is 1 + 14 + -9 + 10 - (-148 - -122)?
42
Calculate -41 - (-17 - 5 - (25 + -25)).
-19
What is the value of -17 + 5 + (-15 + -1 - -33 - -46)?
51
-43 - ((-3 - (-5 + 0)) + (2 - 17))
-30
Evaluate (-158 - 24) + 735 + -683.
-130
What is -269 + 100 + 175 - -38?
44
Evaluate (0 - 6) + (5 - -10 - -9) + -165 + 168.
21
Evaluate -51 - (16 + -40 + -4) - -48.
25
-211 + 222 - (-7 + -23 + 4)
37
Evaluate 23 + 22 + (18 - 18 - 10).
35
Calculate -2 + 48 - ((-11 - -8) + 8 + -9).
50
Calculate (181 - -1) + -1341 + 1233.
74
What is (10 - (-3 + -21) - 20) + 8?
22
Evaluate 3 + (3 + 4 + -1 - (78 - 67)).
-2
What is the value of -5671 - -5624 - (0 - (-1 + 25))?
-23
Evaluate (51 - 111) + 97 + 15.
52
What is 7 + -27 - (1 - 10 - (629 - 541))?
77
Evaluate (-23 - -28) + 40 + -35.
10
What is the value of 118 + -116 + (-11 + 5 + 5 - (3 - -58))?
-60
Calculate (35 + -15 - 18 - -15 - 2) + -115.
-100
What is 62 - (217 + -207 - (-12 - -2))?
42
What is the value of 19 - 55 - -19 - (-1 + (36 - -4))?
-56
Evaluate (-128 - (17 + -37)) + 24.
-84
What is -96 + 155 + -57 + (77 - -2) + -3?
78
What is the value of -16 + 15 + -13 - (-5 - -52)?
-61
What is the value of (-173 - -344) + -249 + (0 - -18)?
-60
Evaluate 16 + (-25 - -20 - 9).
2
-37 - 6 - (-24 + 34 + 2) - -13
-42
27 + 0 - ((-24 - -23 - -4 - 2) + -4)
30
-17 + (30 - (-5 - -42))
-24
What is the value of 56 + -44 + (-3 + (8 - -3) + -2 - -3)?
21
Evaluate 81 - 7 - 80 - (1 + 50).
-57
Calculate -159 + -75 + (-107 - -268).
-73
What is -48 - -153 - 33 - 9?
63
What is the value of -594 - -495 - (-3 + -4 - -1)?
-93
16 + -29 + 36 - 15 - 60
-52
Calculate -452 + 377 - -74 - (-83 - (0 - 1)).
81
Evaluate (27 - (28 + -2)) + (-27 - 1).
-27
What is the value of 70 + -12 + 51 + -61?
48
Calculate 2 + -3 + 0 + 281 + -277 + 58.
61
Calculate 8 + 27 + -22 + -8 + -1.
4
Evaluate 7 - (-2 + 119 + -68).
-42
-7398 + 7414 - (-26 - 1)
43
Evaluate (1 - (15 + -53 - (-8 - 1))) + 12.
42
-48 + (-9 + (54 - 33) - 42)
-78
What is 6 + -1 + -63 - (5 + 23 + -12 - 15)?
-59
What is 13 + -21 + -4 - (-5 + 3 + 4)?
-14
Calculate (3 - (5 + -1) - -8) + (11 - -22).
40
-35 - (11 - 37 - -7) - -40
24
(-1 - 17 - (-927 - -803)) + -9
97
What is the value of (-130 - -131) + 25 + (4 - 1) + 1?
30
Calculate (1 - (-13 + (0 - 11) - 7)) + 8 - -11.
51
Evaluate (-2 - (7 - -17)) + 53 + -58.
-31
-3 + -43 + 50 + -2 + 23 - -13
38
What is 1 - 13 - ((-24 - (71 + -46)) + -18)?
55
Evaluate (100 - 61) + 0 + -25.
14
What is -25 + -15 + 27 + 5 - (-1 + 3) - 17?
-27
What is 449 + -461 + (0 - (-3 + -1) - 32)?
-40
Evaluate 253 - 205 - (98 + 1).
-51
(-7 - -6) + 18 - 12 - (63 + -9 + 9)
-58
What is the value of -52 - -51 - 91 - -52?
-40
Calculate 383 + -399 - (-1 + -38) - -22.
45
1 - 2 - (-58 + (23 + 2 - (191 + -175)))
48
What is -1 + -52 - (-21 + (-26 - -66))?
-72
What is 16 + (-42 - -12) + 14 + -140 + (1 - 5)?
-144
-13 + -1 + 3 + 129 + -148
-30
What is the value of (-11 - (-300 - -156)) + -11?
122
Evaluate 0 - 37 - (3836 + -3919).
46
Calculate -138 + 239 + (87 - 52).
136
-6 + 20 + (-1 - -18) + -56
-25
Evaluate 439 + (-212 - 209) - (-1 + 3 + 126).
-110
What is 3 - (-21 - -6 - 12) - (1 - 7)?
36
What is the value of 4 + 2 + (-30 + 35 + 12 - 2)?
21
Evaluate (-6 + -111 - -5 - -3) + -19 + 26 + -14.
-116
What is the value of (-51 - -29) + (6 + -9 - 0)?
-25
(-5 - (-16 + 17 - (-9 + 10))) + -1 + 23
17
What is (-3 - 3 - -9) + (-38 + 32 - 10)?
-13
What is the value of (-30 - -16 - (8 - 9 - 4)) + (-21 - 1)?
-31
What is the value of (54 + 1 - (-424 - -458)) + -54 + 8?
-25
Evaluate -15 - (27 + (17 - 68) + 33).
-24
Calculate 12 + 70 + (-3 - -6) + -12.
73
Calculate -29 + (-15 - -27) - 9.
-26
Evaluate -3 + 39 - (51 + -19